141
What are the prime factors of 71926850?
2, 5, 1438537
What are the prime factors of 15000699?
3, 7, 701, 1019
List the prime factors of 1226818667.
223, 541, 10169
What are the prime factors of 254755959?
3, 4729, 17957
What are the prime factors of 235469919?
3, 78489973
List the prime factors of 207603477.
3, 59, 390967
List the prime factors of 14046836.
2, 23, 61, 2503
List the prime factors of 65532782.
2, 7, 4680913
What are the prime factors of 103181306?
2, 331, 155863
What are the prime factors of 2377135834?
2, 1188567917
What are the prime factors of 844404847?
11, 13, 5904929
What are the prime factors of 1000274998?
2, 83, 6025753
List the prime factors of 4904420068.
2, 19, 64531843
What are the prime factors of 110245836?
2, 3, 9187153
What are the prime factors of 264100144?
2, 7, 11, 47, 4561
List the prime factors of 382892077.
97, 173, 22817
What are the prime factors of 255138894?
2, 3, 14174383
What are the prime factors of 1169756979?
3, 331, 1178003
List the prime factors of 168337795.
5, 113, 401, 743
What are the prime factors of 29580329?
29580329
What are the prime factors of 499327669?
19489, 25621
List the prime factors of 91838862.
2, 3, 17, 23, 13049
List the prime factors of 210411019.
7, 13, 2312209
What are the prime factors of 560340952?
2, 70042619
What are the prime factors of 75297106?
2, 743, 50671
List the prime factors of 100675016.
2, 13, 83, 107, 109
What are the prime factors of 52708330?
2, 5, 17, 310049
What are the prime factors of 295743839?
295743839
What are the prime factors of 14708885?
5, 47, 62591
What are the prime factors of 709296?
2, 3, 7, 2111
What are the prime factors of 1951572490?
2, 5, 7, 3982801
List the prime factors of 379671289.
97, 1931, 2027
List the prime factors of 276209237.
276209237
What are the prime factors of 70776679?
70776679
List the prime factors of 10480712.
2, 11, 119099
List the prime factors of 45032763.
3, 15010921
List the prime factors of 205829237.
887, 232051
What are the prime factors of 2724479775?
3, 5, 823, 14713
What are the prime factors of 48658738?
2, 24329369
List the prime factors of 43643849.
43643849
What are the prime factors of 69439788?
2, 3, 11, 58451
List the prime factors of 1230868039.
18217, 67567
List the prime factors of 195976245.
3, 5, 53, 246511
What are the prime factors of 1134512624?
2, 7, 10129577
List the prime factors of 546549434.
2, 41, 6665237
List the prime factors of 408725873.
408725873
What are the prime factors of 1863282874?
2, 17011, 54767
What are the prime factors of 5118540843?
3, 13, 251, 522887
What are the prime factors of 1614719952?
2, 3, 1933, 5801
List the prime factors of 3777706899.
3, 18401, 22811
List the prime factors of 195014352.
2, 3, 13, 59, 5297
What are the prime factors of 289145190?
2, 3, 5, 23, 419051
What are the prime factors of 56578912?
2, 13, 277, 491
List the prime factors of 816851986.
2, 421, 970133
List the prime factors of 2997906049.
131, 22884779
What are the prime factors of 221389355?
5, 11, 109, 36929
What are the prime factors of 483144808?
2, 23, 1279, 2053
List the prime factors of 134493509.
59, 149, 15299
What are the prime factors of 213137765?
5, 42627553
What are the prime factors of 163994200?
2, 5, 223, 3677
What are the prime factors of 3663621174?
2, 3, 41, 14892769
List the prime factors of 525417617.
525417617
What are the prime factors of 9756320?
2, 5, 7, 31, 281
List the prime factors of 1712855979.
3, 11321, 16811
List the prime factors of 11762103.
3, 977, 4013
List the prime factors of 30254164.
2, 83, 91127
What are the prime factors of 702157686?
2, 3, 29, 419, 9631
What are the prime factors of 57850003?
19, 3044737
What are the prime factors of 184487718?
2, 3, 3313, 9281
List the prime factors of 122854884.
2, 3, 10237907
List the prime factors of 1678996243.
79, 21253117
What are the prime factors of 69860618?
2, 953, 36653
What are the prime factors of 16513749?
3, 7, 17, 907
What are the prime factors of 880870257?
3, 347, 282059
List the prime factors of 202986219.
3, 67662073
What are the prime factors of 87215281?
577, 151153
List the prime factors of 4946815387.
191, 367, 70571
List the prime factors of 510832689.
3, 19, 471683
List the prime factors of 51598138.
2, 25799069
List the prime factors of 677955436.
2, 53, 3197903
What are the prime factors of 94234587?
3, 17, 1847737
List the prime factors of 722508447.
3, 240836149
What are the prime factors of 4585441526?
2, 2292720763
What are the prime factors of 40277694?
2, 3, 29, 231481
List the prime factors of 9701328.
2, 3, 7, 13, 2221
List the prime factors of 1063209692.
2, 265802423
What are the prime factors of 30084647?
97, 193, 1607
What are the prime factors of 724998572?
2, 37, 41, 163, 733
List the prime factors of 4075328.
2, 37, 1721
What are the prime factors of 1175892727?
1175892727
List the prime factors of 1750590147.
3, 17, 34325297
What are the prime factors of 349200675?
3, 5, 349, 4447
List the prime factors of 138121879.
7, 19731697
What are the prime factors of 49268985?
3, 5, 3284599
List the prime factors of 512964604.
2, 128241151
What are the prime factors of 353734475?
5, 14149379
List the prime factors of 4099540814.
2, 19, 83, 1299791
List the prime factors of 3151049933.
23, 43, 1423, 2239
List the prime factors of 302600374.
2, 17, 23, 43, 8999
List the prime factors of 89225034.
2, 3, 14870839
List the prime factors of 207947974.
2, 13, 1999, 4001
List the prime factors of 3531626831.
3531626831
What are the prime factors of 119211359?
173, 701, 983
List the prime factors of 500804388.
2, 3, 7, 61, 32579
List the prime factors of 1131278233.
3121, 362473
What are the prime factors of 401965166?
2, 200982583
List the prime factors of 2943335.
5, 588667
List the prime factors of 313174000.
2, 5, 17, 61, 151
List the prime factors of 1345987156.
2, 6803, 49463
List the prime factors of 866723950.
2, 5, 19, 23, 39667
List the prime factors of 17609613.
3, 7, 838553
What are the prime factors of 1569146?
2, 784573
List the prime factors of 901316826.
2, 3, 50073157
What are the prime factors of 263685614?
2, 131842807
What are the prime factors of 11660173?
7, 541, 3079
What are the prime factors of 51747181?
89, 581429
List the prime factors of 22034309.
11, 2003119
List the prime factors of 3730507072.
2, 7451, 7823
List the prime factors of 172532146.
2, 6791, 12703
What are the prime factors of 1314620082?
2, 3, 73034449
What are the prime factors of 255180530?
2, 5, 11, 31, 6803
List the prime factors of 1258284857.
29, 67, 137, 163
What are the prime factors of 490666022?
2, 7, 11, 29, 181, 607
List the prime factors of 1415781955.
5, 7, 40450913
What are the prime factors of 1531922320?
2, 5, 607, 31547
List the prime factors of 36586867.
36586867
What are the prime factors of 2022153880?
2, 5, 241, 209767
What are the prime factors of 299709739?
7, 42815677
List the prime factors of 349901832.
2, 3, 7, 2082749
What are the prime factors of 787635809?
53, 14861053
What are the prime factors of 335423389?
7, 37, 1295071
List the prime factors of 95085031.
61, 1558771
List the prime factors of 61098312.
2, 3, 11, 231433
What are the prime factors of 950980258?
2, 521, 912649
What are the prime factors of 172327162?
2, 7, 12309083
What are the prime factors of 267702733?
37, 7235209
List the prime factors of 838353029.
8609, 97381
What are the prime factors of 251462347?
157, 1601671
What are the prime factors of 646747906?
2, 7, 5711, 8089
What are the prime factors of 576505510?
2, 5, 7, 37, 41, 61, 89
What are the prime factors of 608675925?
3, 5, 11, 13, 19, 29, 103
What are the prime factors of 22918435?
5, 149, 30763
What are the prime factors of 33261380?
2, 5, 613, 2713
What are the prime factors of 143185180?
2, 5, 29, 173, 1427
What are the prime factors of 186203030?
2, 5, 13, 83, 17257
List the prime factors of 30075910.
2, 5, 53, 56747
What are the prime factors of 6305407087?
7, 1381, 652261
List the prime factors of 224405446.
2, 1901, 59023
What are the prime factors of 366444155?
5, 7, 11, 951803
List the prime factors of 244406557.
19, 1567, 8209
What are the prime factors of 212866675?
5, 7, 257, 4733
List the prime factors of 393